r of 6752 and 1966520.
1688
Calculate the greatest common factor of 5722 and 14.
2
What is the greatest common divisor of 15268 and 132?
44
What is the greatest common factor of 337505 and 14?
7
What is the highest common factor of 561960 and 35?
35
Calculate the greatest common divisor of 200741 and 1910.
191
Calculate the highest common factor of 13 and 945347.
13
What is the highest common divisor of 80 and 134595?
5
Calculate the highest common divisor of 22222 and 738.
82
Calculate the highest common factor of 13 and 256.
1
What is the highest common factor of 404 and 98374?
202
What is the greatest common divisor of 987832 and 8?
8
What is the highest common divisor of 247 and 73359?
247
What is the highest common divisor of 6 and 8398?
2
Calculate the greatest common divisor of 1116 and 174654.
558
What is the highest common divisor of 790 and 9230?
10
What is the greatest common divisor of 1288 and 20447?
161
What is the highest common divisor of 7371 and 8645?
91
Calculate the greatest common divisor of 2043 and 63.
9
What is the greatest common divisor of 302250 and 60?
30
What is the highest common divisor of 6125 and 5875?
125
Calculate the greatest common factor of 10256 and 2144.
16
Calculate the greatest common factor of 255 and 14739.
51
Calculate the greatest common divisor of 657 and 1416054.
219
Calculate the greatest common factor of 2160 and 988740.
540
What is the highest common divisor of 366 and 16714?
122
What is the highest common factor of 3500 and 10800?
100
What is the greatest common factor of 2553 and 253?
23
Calculate the greatest common factor of 25571 and 78.
13
Calculate the highest common divisor of 46039 and 14.
7
Calculate the greatest common divisor of 848848 and 637.
91
Calculate the greatest common factor of 3542 and 44.
22
Calculate the highest common divisor of 264 and 754272.
24
What is the highest common divisor of 2397340 and 22?
22
Calculate the greatest common divisor of 15678 and 2340.
234
Calculate the greatest common factor of 80 and 3136.
16
Calculate the highest common divisor of 4666790 and 430.
430
What is the greatest common factor of 882 and 97146?
126
Calculate the greatest common factor of 716670 and 450.
90
Calculate the highest common divisor of 3014 and 98366.
274
What is the highest common factor of 17578 and 289?
17
Calculate the greatest common divisor of 92332 and 20172.
164
What is the highest common divisor of 6636 and 6162?
474
What is the highest common divisor of 1662 and 3174?
6
Calculate the greatest common divisor of 71 and 493379.
71
Calculate the highest common factor of 20 and 104060.
20
Calculate the greatest common divisor of 205 and 10145.
5
What is the greatest common factor of 180 and 3411?
9
What is the highest common factor of 3418 and 1594?
2
What is the greatest common factor of 2704 and 85296?
16
Calculate the greatest common divisor of 145 and 33959.
29
Calculate the greatest common divisor of 580440 and 2.
2
What is the highest common factor of 18 and 514?
2
Calculate the highest common factor of 345 and 38065.
115
What is the highest common factor of 24453 and 2340?
117
Calculate the greatest common factor of 3232 and 798708.
404
What is the greatest common factor of 10127 and 57?
19
What is the greatest common factor of 816 and 29886?
102
Calculate the highest common divisor of 74037 and 2967.
69
What is the greatest common divisor of 43416 and 7128?
648
What is the highest common divisor of 43 and 1843883?
43
Calculate the greatest common factor of 1030750 and 3850.
350
Calculate the greatest common divisor of 11170 and 470.
10
Calculate the highest common divisor of 882 and 20384.
98
Calculate the highest common factor of 5396 and 4189.
71
What is the greatest common factor of 1378 and 35722?
106
What is the highest common factor of 4060 and 7917?
203
What is the greatest common factor of 22264 and 32?
8
Calculate the greatest common divisor of 376271 and 1715.
343
Calculate the greatest common factor of 37544 and 117.
13
What is the highest common divisor of 36192 and 288?
96
What is the greatest common factor of 36044 and 28?
4
Calculate the greatest common divisor of 33784 and 16068.
412
What is the greatest common factor of 55 and 183205?
55
Calculate the highest common factor of 177 and 67083.
177
What is the highest common factor of 1651 and 6331?
13
Calculate the highest common factor of 4902 and 3182.
86
What is the highest common divisor of 91 and 243733?
7
Calculate the highest common factor of 324 and 46806.
6
What is the highest common factor of 72 and 17260?
4
Calculate the highest common factor of 34042 and 2.
2
Calculate the greatest common divisor of 35 and 34195.
35
Calculate the highest common divisor of 190916 and 308.
44
What is the greatest common divisor of 45810 and 12?
6
What is the greatest common divisor of 67705 and 110?
55
Calculate the highest common divisor of 5304 and 6851.
221
Calculate the greatest common divisor of 184 and 6841856.
184
What is the greatest common factor of 34500 and 8?
4
What is the greatest common divisor of 1530 and 1938?
102
What is the highest common divisor of 164 and 428?
4
Calculate the greatest common factor of 316557 and 459.
153
What is the highest common factor of 1202 and 678529?
601
What is the highest common divisor of 15 and 88167?
3
What is the greatest common divisor of 416 and 8864?
32
What is the highest common divisor of 56 and 48797?
7
What is the highest common factor of 966174 and 198?
66
Calculate the greatest common factor of 74157 and 399.
57
Calculate the greatest common divisor of 1176 and 90699.
147
What is the highest common factor of 19488 and 1281?
21
Calculate the highest common divisor of 23244 and 2028.
156
Calculate the highest common divisor of 22932 and 16107.
273
Calculate the highest common divisor of 3459 and 1446.
3
What is the highest common divisor of 341136 and 92?
92
Calculate the greatest common divisor of 12 and 449556.
12
What is the highest common divisor of 19065 and 135?
15
What is the highest common divisor of 374 and 72743?
187
What is the greatest common factor of 383 and 1125637?
383
What is the highest common factor of 2380 and 30260?
340
What is the greatest common divisor of 15 and 7404?
3
What is the greatest common divisor of 72658 and 136?
34
What is the greatest common factor of 104 and 2516761?
13
Calculate the highest common divisor of 40 and 905110.
10
What is the highest common factor of 260 and 10940?
20
What is the highest common divisor of 88 and 97064?
88
Calculate the highest common factor of 708 and 301785.
177
Calculate the greatest common factor of 8824 and 128.
8
What is the highest common divisor of 7714 and 4901?
29
What is the highest common divisor of 98546 and 56?
14
What is the highest common divisor of 189 and 148059?
9
Calculate the greatest common divisor of 1123410 and 5.
5
What is the highest common factor of 128 and 8816?
16
What is the highest common factor of 27005 and 880?
55
What is the highest common divisor of 374468 and 6086?
358
What is the highest common divisor of 1695 and 42975?
15
Calculate the highest common factor of 398829 and 627.
57
Calculate the highest common divisor of 58602 and 6.
6
Calculate the highest common divisor of 1658257 and 83.
83
What is the highest common factor of 281802 and 2278?
134
What is the greatest common factor of 74228 and 3388?
308
Calculate the highest common divisor of 303009 and 12831.
987
Calculate the greatest common divisor of 11032 and 4312.
56
Calculate the greatest common factor of 46518 and 48.
6
Calculate the greatest common factor of 155 and 61535.
155
Calculate the greatest common divisor of 5 and 40935.
5
What is the greatest common factor of 30 and 3522?
6
What is the highest common factor of 355428 and 1539?
81
Calculate the greatest common factor of 23519 and 203.
29
Calculate the highest common factor of 5278 and 22736.
406
Calculate the highest common divisor of 3104 and 12028.
388
Calculate the greatest common factor of 50 and 5331850.
50
Calculate the greatest common divisor of 27 and 297.
27
Calculate the greatest common factor of 8507 and 1269.
47
Calculate the greatest common divisor of 13 and 104962.
13
What is the greatest common factor of 21